{"id":63,"date":"2020-04-23T22:08:34","date_gmt":"2020-04-23T22:08:34","guid":{"rendered":"https:\/\/freiebaptistenkw.de\/?page_id=63"},"modified":"2025-04-14T21:15:51","modified_gmt":"2025-04-14T21:15:51","slug":"unser-pastor","status":"publish","type":"page","link":"https:\/\/freiebaptistenkw.de\/index.php\/unser-pastor\/","title":{"rendered":"Unser Pastor"},"content":{"rendered":"<h1><b>Pastor Michael Talley<\/b><\/h1>\n<p class=\"\" data-start=\"479\" data-end=\"774\">Michael Talley stammt urspr\u00fcnglich aus den USA und dient seit vielen Jahren mit seiner Familie in Deutschland. Er ist Pastor der Freien Baptistengemeinde K\u00f6nigs Wusterhausen und engagiert sich leidenschaftlich f\u00fcr die Verk\u00fcndigung des Evangeliums und die seelsorgerliche Begleitung von Menschen.<\/p>\n<p class=\"\" data-start=\"776\" data-end=\"859\">Sein theologisches Studium absolvierte er unter anderem an folgenden Institutionen:<\/p>\n<ul>\n<li style=\"list-style-type: none;\">\n<ul data-start=\"861\" data-end=\"1193\">\n<li class=\"\" data-start=\"861\" data-end=\"929\">\n<p class=\"\" data-start=\"863\" data-end=\"929\"><strong data-start=\"863\" data-end=\"894\">A.A.S. Computerwissenschaft<\/strong>, Wallace State Community College<\/p>\n<\/li>\n<li class=\"\" data-start=\"930\" data-end=\"998\">\n<p class=\"\" data-start=\"932\" data-end=\"998\"><strong data-start=\"932\" data-end=\"942\">B.B.S.<\/strong> (Bachelor of Biblical Studies), Bethany Bible College<\/p>\n<\/li>\n<li class=\"\" data-start=\"999\" data-end=\"1072\">\n<p class=\"\" data-start=\"1001\" data-end=\"1072\"><strong data-start=\"1001\" data-end=\"1011\">M.B.S.<\/strong> (Master of Biblical Studies), Bethany Theological Seminary<\/p>\n<\/li>\n<li class=\"\" data-start=\"1073\" data-end=\"1137\">\n<p class=\"\" data-start=\"1075\" data-end=\"1137\"><strong data-start=\"1075\" data-end=\"1084\">Th.M.<\/strong> (Master of Theology), Bethany Theological Seminary<\/p>\n<\/li>\n<li class=\"\" data-start=\"1138\" data-end=\"1193\">\n<p class=\"\" data-start=\"1140\" data-end=\"1193\"><strong data-start=\"1140\" data-end=\"1150\">M.Div.<\/strong> (Master of Divinity), Luther Rice Seminary<\/p>\n<\/li>\n<\/ul>\n<\/li>\n<\/ul>\n<p class=\"\" data-start=\"1195\" data-end=\"1406\">Neben seiner T\u00e4tigkeit als Pastor ist er auch in der Seelsorge, der Bibellehre und der Gemeindegr\u00fcndung engagiert. Seine Predigten sind bibeltreu, praxisnah und von einem tiefen Vertrauen in Gottes Wort gepr\u00e4gt.<\/p>\n<p class=\"\" data-start=\"1408\" data-end=\"1618\">Pastor Talley lebt gemeinsam mit seiner Frau in K\u00f6nigs Wusterhausen. Es ist ihm ein Herzensanliegen, Menschen zum Glauben an Jesus Christus einzuladen und sie auf ihrem geistlichen Weg zu begleiten.<\/p>\n<p>F\u00fcr seelsorgerliche Gespr\u00e4che, Fragen oder ein pers\u00f6nliches Kennenlernen erreichen Sie Pastor Talley direkt per E-Mail:<br data-start=\"445\" data-end=\"448\" \/>\ud83d\udce7 <strong data-start=\"451\" data-end=\"518\"><a href=\"mailto:talleymd@freiebaptistenkw.de\" rel=\"noopener\" data-start=\"453\" data-end=\"516\">talleymd@freiebaptistenkw.de<\/a><\/strong><\/p>\n","protected":false},"excerpt":{"rendered":"<p>Pastor Michael Talley Michael Talley stammt urspr\u00fcnglich aus den USA und dient seit vielen Jahren mit seiner Familie in Deutschland. Er ist Pastor der Freien Baptistengemeinde K\u00f6nigs Wusterhausen und engagiert sich leidenschaftlich f\u00fcr die Verk\u00fcndigung des Evangeliums und die seelsorgerliche Begleitung von Menschen. Sein theologisches Studium absolvierte er unter anderem an folgenden Institutionen: A.A.S. Computerwissenschaft, &hellip; <\/p>\n<p class=\"link-more\"><a href=\"https:\/\/freiebaptistenkw.de\/index.php\/unser-pastor\/\" class=\"more-link\"><span class=\"screen-reader-text\">\u201eUnser Pastor\u201c <\/span>weiterlesen<\/a><\/p>\n","protected":false},"author":1,"featured_media":97,"parent":0,"menu_order":0,"comment_status":"closed","ping_status":"closed","template":"","meta":{"footnotes":""},"class_list":["post-63","page","type-page","status-publish","has-post-thumbnail","hentry"],"jetpack_sharing_enabled":true,"_links":{"self":[{"href":"https:\/\/freiebaptistenkw.de\/index.php\/wp-json\/wp\/v2\/pages\/63","targetHints":{"allow":["GET"]}}],"collection":[{"href":"https:\/\/freiebaptistenkw.de\/index.php\/wp-json\/wp\/v2\/pages"}],"about":[{"href":"https:\/\/freiebaptistenkw.de\/index.php\/wp-json\/wp\/v2\/types\/page"}],"author":[{"embeddable":true,"href":"https:\/\/freiebaptistenkw.de\/index.php\/wp-json\/wp\/v2\/users\/1"}],"replies":[{"embeddable":true,"href":"https:\/\/freiebaptistenkw.de\/index.php\/wp-json\/wp\/v2\/comments?post=63"}],"version-history":[{"count":3,"href":"https:\/\/freiebaptistenkw.de\/index.php\/wp-json\/wp\/v2\/pages\/63\/revisions"}],"predecessor-version":[{"id":2030,"href":"https:\/\/freiebaptistenkw.de\/index.php\/wp-json\/wp\/v2\/pages\/63\/revisions\/2030"}],"wp:featuredmedia":[{"embeddable":true,"href":"https:\/\/freiebaptistenkw.de\/index.php\/wp-json\/wp\/v2\/media\/97"}],"wp:attachment":[{"href":"https:\/\/freiebaptistenkw.de\/index.php\/wp-json\/wp\/v2\/media?parent=63"}],"curies":[{"name":"wp","href":"https:\/\/api.w.org\/{rel}","templated":true}]}}